 -2*r**2 - r. Let x(d) = -d**2. Let c(y) = 2*h(y) - 6*x(y). Determine c(w).
12
Let h be 8/(-10)*1*-5. Let c = -158 + 169. Let z(i) = 2*i - 5 - 15*i**2 + i**3 - i + c*i**2. Determine z(h).
-1
Let o(z) be the second derivative of 0 + 6*z - 5/2*z**2 + 1/2*z**3 + 1/12*z**4. Determine o(-5).
5
Suppose 10*i - 5*i - 25 = 0. Suppose l = i*l + 24. Let u(q) = 4*q + 1. Let g(n) = 42*n + 8. Let y(k) = -g(k) + 10*u(k). Give y(l).
14
Suppose -3*q = -4*k - 8, -q = -6*q. Let w(l) be the third derivative of l**6/60 + l**5/60 - l**4/24 - l**3/6 - l**2. Determine w(k).
-11
Let w = -431 + 424. Let v(c) = c**3 + 5*c**2 - 9*c + 7. What is v(w)?
-28
Let i(o) = -3 + 4*o + 5*o - 2*o - 5*o. Suppose -5*b + 5*x = -3*b - 24, 4 = 4*b + x. What is i(b)?
1
Let a(z) = -11*z**2 - 8 - 9*z + 74*z**3 - 73*z**3 + z**2 + z**2. Calculate a(10).
2
Suppose -4*f - 12 = -16. Let w(t) = -t - 6 - 5 - f + 7. Give w(0).
-5
Suppose 6 = -2*n - 2. Let c(o) = -2*o - 140. Let z(s) = -3*s - 224. Let u(v) = 8*c(v) - 5*z(v). Calculate u(n).
4
Let b(q) be the first derivative of -q**4/4 + 2*q**3 - 2*q**2 - 4*q - 1. Let l(r) = -1904*r - 7612. Let n be l(-4). Determine b(n).
12
Let t = 1200 + -1207. Let m(o) = o**2 + 5*o - 1. Determine m(t).
13
Let a(z) be the third derivative of 0*z - 3/2*z**3 - 14*z**2 + 1/24*z**4 + 0. Determine a(7).
-2
Let x(r) = -r**3 + 4*r**2 - 4*r + 2. Let y be x(2). Suppose 3*v - 209 = 175. Let m(o) = -v*o**2 + o**3 + o - 8*o + 1 + 123*o**y. Determine m(6).
-5
Let m(c) = -c**3 - 11*c**2 + 17*c**2 - 7*c**2 - 5*c - 7*c**2. Determine m(-7).
-14
Let k be 13*(0 + -3)/((-3)/(-10)). Let v = 134 + k. Let t(b) be the second derivative of -b**5/20 + b**4/4 + 2*b**3/3 + 2*b**2 - b. Calculate t(v).
4
Let x(d) be the first derivative of -d**3/3 - 7*d**2/2 + 11*d - 10. Give x(-9).
-7
Let a(y) be the third derivative of y**7/2520 - 13*y**6/720 + y**5/15 + 11*y**4/8 - y**3/6 + 9*y**2 + 1. Let n(q) be the second derivative of a(q). Give n(12).
-4
Let a be (-2)/6 + 2/6. Let h(t) be the second derivative of t**5/20 + t**4/12 + t**3/6 + 11*t**2/2 - 15*t. Give h(a).
11
Let r(w) = -18*w - 49 + 4*w**2 + 16 - 7*w**2 + 2*w + 2*w**2. Give r(-14).
-5
Let g(u) = 6*u**2 + 4*u - 11*u + 2 - u**3 + 4*u - 2*u**2. Let l be g(3). Suppose -l*z + 3*k - 11 = 5, -20 = 2*z - 5*k. Let b(r) = -r**2 - 6*r - 6. Give b(z).
-1
Let g(a) = -a**3 - 6*a**2 + 2*a - 2. Let v = 168 + -24. Suppose k + v = -16. Let d be k/28 + (-6)/21. Give g(d).
-14
Let q = 25 + -29. Suppose 0 = -0*j - 4*j. Let l(f) = 5*f - 2 + 0*f**2 + j*f**2 + f**2. What is l(q)?
-6
Let r(b) = -9*b**3 + 27*b**2 - 9*b + 2. Let v(j) = 5*j**3 - 14*j**2 + 5*j - 1. Let y(q) = 6*r(q) + 11*v(q). Give y(-8).
-7
Let x(t) = -6*t - t + 3 + 5*t + 6*t + 2*t**2. Let m be 3/(4/(40/6)). Suppose -6 = 2*a, -m = -5*r + 3*a + 2*a. Give x(r).
3
Let p(z) = z**2 + 8*z + 2. Let v be p(0). Suppose v*m + 31 = 5*a, -m = 6*a - 8*a + 14. Let o(g) = -g**3 - 8*g**2 - g - 5. Determine o(m).
3
Let s(p) = -p**3 - 12*p**2 - 11*p + 6. Let m(c) = -3*c**3 - 2*c**2 + 4*c. Let o be m(-2). Suppose -2*n = 4*d + 34, -n = -3*d - o - 30. What is s(d)?
6
Let q be (-6)/(-5) - ((-864)/(-45) + -18). Let w(k) = -2*k - 41. Give w(q).
-41
Let g(a) = -2*a**3 - 13*a**2 + 6*a - 13. Let s be g(-7). Let w(u) be the third derivative of u**4/24 + 5*u**3/6 + u**2. Determine w(s).
-1
Let q(s) = 11 - 2*s + 3 + s**3 + 5 + 9 - 33 + 4*s**2. Suppose -5 = t + z, 5*t - t - z + 15 = 0. Determine q(t).
3
Let m(c) = c**2 + 5*c + 4. Let d = -45 - -45. Suppose d = 4*f + 2*f + 36. What is m(f)?
10
Suppose -4*n + 4 - 1 = 3*u, 3*n - u - 12 = 0. Suppose n*l + 1 = -2. Let i(p) be the third derivative of p**6/40 - p**5/60 - p**4/24 - 7*p**2. Determine i(l).
-3
Suppose -6*i = 8 - 32. Let v(w) = -i*w**2 - 176 + 172 + 5*w - 2*w + w**3. Determine v(3).
-4
Let b be ((-116)/(-20) + -6)*10. Let k(p) = -1 + 3 + 0*p**2 + 2*p**3 - p**2 + p. What is k(b)?
-20
Let p(w) be the third derivative of w**4/24 + 7*w**3/6 + 395*w**2. What is p(-15)?
-8
Let p(g) = -g**2 + 8*g + 16. Let a(l) = l**2 - 8*l - 15. Let i(w) = 5*a(w) + 4*p(w). Calculate i(9).
-2
Let b(r) = -r**3 + r + 2. Let j = 9 + 9. Let d be (-385)/25 + ((-12)/5)/4. Let a = d + j. Calculate b(a).
-4
Let p(j) = -2*j - 3. Let d be p(8). Let k = -17 - d. Suppose k = 3*i - 13. Let f(q) = -q**2 + 5*q + 5. Determine f(i).
5
Let b(f) = -f - 8. Suppose -2*n - 4*w - 4 = 2*n, 5*w = -4*n. Give b(n).
-3
Let b be -13 + -4 + (-10 + 2)/(-4). Let k(j) = 2*j + 37. What is k(b)?
7
Let x(r) = -2*r + 2 - 4*r + 0*r + 4*r**2. Let n(y) = -y**2 - 1. Let f(j) = -6*n(j) - x(j). Give f(-4).
12
Suppose -3*a - 2*a = 0. Suppose a = 5*k - 20, -6*k + 10 = 2*j - k. Let f(u) = 0*u + u + 0*u + 3 - 3 - 2. Determine f(j).
-7
Let o(g) = 11*g**2 + 12*g - 11. Let h(d) = -7*d**2 - 7*d + 6. Let b(f) = 5*h(f) + 3*o(f). Calculate b(-4).
-39
Let u(q) be the third derivative of -11*q**2 + 0*q + 1/3*q**3 + 0 - 5/24*q**4. Determine u(2).
-8
Suppose -6*t + 7 = 1. Suppose -3*g + 8 = 2*n - g, -4*g = n - t. Suppose -n*b + 4 = -3*b. Let p(h) = h**3 - 3*h**2 - 2*h + 3. Determine p(b).
-5
Let s(l) = l - 2. Suppose -9 = -i - 5*a, -3*i = -a - a - 10. Let p be 2/i + (-7)/(-2). Suppose -3*t = y + 13, 0 = -2*y + p*y + 3*t + 17. Determine s(y).
-6
Let q(j) = 11 + 5*j - 4*j - 7. Let t = 1150 - 1153. Determine q(t).
1
Suppose 8 = 4*r + 4*t, -r + 5*t - 3 - 7 = 0. Let j = 1 + r. Let q(y) be the third derivative of -7*y**4/24 + y**3/6 + 5*y**2 + 4. Determine q(j).
-6
Let r(x) = -3*x - 1. Suppose -o = -5*o + 2*j + 14, 3*j + 9 = 0. Let m be r(o). Let n(c) = -c**3 - 7*c**2 + c - 4. Determine n(m).
-11
Let o(q) = -17 + 4*q + 18 - 2*q - q + q**2 - q**3. Determine o(0).
1
Let v(r) = 3*r**2 + 2*r - 2. Let f be (-3*5/(-12))/(1/8). Suppose -f = -2*l - 3*l. What is v(l)?
14
Let z be 5*1/(4/(-1*4)). Let q(t) = 8*t + 6. Let b(a) = -7*a - 5. Let y(w) = z*q(w) - 6*b(w). Let j be (-2)/7 - 16/(-7). What is y(j)?
4
Let m(j) = j + 5. Let n(s) = -s**3 + 9*s**2 - 2*s + 16. Let y be n(9). Give m(y).
3
Let h(s) = s + 3. Let i be (-10)/95 + (-450)/57. Give h(i).
-5
Let n(t) = -2*t**3 - t - 5. Let z(s) = 9*s**3 + 5*s**2 + 21. Let j(u) = -4*n(u) - z(u). What is j(-6)?
11
Let o(y) be the first derivative of y**4 - y**3/3 - y**2 - y + 1. Suppose -2*l = -4*l + 10. Suppose 0 = l*n + 2*g + 3, 0 = -5*g + 5. Calculate o(n).
-4
Let c(r) = r + 20. Let z = 854 - 876. Give c(z).
-2
Let v(b) = -4*b - 5*b**3 + 0*b + 8*b - 4*b**2 - 15 + 7*b. Let r(a) = 2*a**3 + a**2 - 4*a + 5. Let z(q) = 8*r(q) + 3*v(q). Calculate z(4).
-1
Suppose -5 = g + 2*m, -9*g = -5*g - 3*m - 35. Let b(o) = 7*o - 1 + 5 - o**2 - 5. What is b(g)?
9
Let s be (-4)/6 + (-34)/(-6). Let m = -9 + s. Let r(u) = 558*u - 562*u - 5 - 4*u**2 + 3*u**2. Calculate r(m).
-5
Let f be 0 + -1 + (7 - 3). Let a(t) = 3 - 3 + 1 - f*t + 2*t. Give a(1).
0
Let l = -60 - -50. Let f(q) = -q**3 - 10*q**2 - 2*q - 19. Calculate f(l).
1
Let b(y) = 2*y**2 + 1. Let n(o) = 2*o**2 + 1. Let s be 44*(-8)/(-96) + (-1)/(-3). Let j(x) = s*b(x) - 5*n(x). Determine j(1).
-3
Let o(g) = -5 - 4*g + 0*g + 3*g - 1. Let t be o(-6). Let z(y) = -y + 4509*y**2 - 4508*y**2 + 4 + 3 - 4. Give z(t).
3
Suppose -3*k = 3*z - 12, 0 = -3*k + 2*k + z + 10. Let t(f) = 2*f - 14. Let q be t(k). Let y(p) = -p**2 + p + 7. Calculate y(q).
7
Let i(m) be the first derivative of -3*m**2/2 - 2*m + 241. Let z(p) = -p**3 - 5*p**2 - p. Let n be z(-5). Calculate i(n).
-17
Let f(s) = -3*s**3 + 3*s - 5. Let q(i) = -i**3 + i - 1. Let o(w) = -f(w) + 2*q(w). Determine o(0).
3
Let v(l) = l + 2. Suppose m = 1, -2*d - 3*d = -5*m + 245. Let f = d - -53. Determine v(f).
7
Let w(i) = 4*i**2 - i + 2. Let g(b) = -13*b + 115. Let y be g(9). Give w(y).
20
Suppose k = -4*b - b + 87, -4*k + 8 = 0. Let y(d) = -7*d + 11 - b*d + 23*d. What is y(8)?
3
Suppose 28*i = -9*i. Let a(k) = -k**3 + k**2 + k + 3. Calculate a(i).
3
Let y(c) = -c**2 - 7*c - 2. Suppose 3*t + 5*x = 54, 3*x + x + 40 = 4*t. Suppose n - 19 = 4*w, n = 3*w - 0*w + t. What is y(w)?
4
Let h(v) be the first derivative of v**2/2 + 2*v - 68. Determine h(8).
10
Let v(i) = i**3 - 6*i**2 - 3*i - 4. Let g = -108 - -66. Let m = 48 + g. Give v(m).
-22
Let i(t) be the first derivative of t**7/840 - t**5/40 + t**4/12 - t**3/3 + 6. Let f(v) be the third derivative of i(v). Let s = -11 - -13. Determine f(s).
4
Let p(a) = -7*a - 6. Suppose 3*r = 5*r + 6. What is p(r)?
